Is 59826499 composite?
False
Is 89372771 a prime number?
True
Is 1858757 a prime number?
True
Is 521981 prime?
True
Is 3452329 prime?
True
Is 1114933133 composite?
True
Is 125498823 a composite number?
True
Is 143602211 a composite number?
False
Is 11948941 composite?
False
Is 4370251 prime?
False
Is 183315997 composite?
True
Is 1429339 a prime number?
False
Is 27449449 composite?
True
Is 1092138239 composite?
False
Is 3607411 prime?
True
Is 33236917 prime?
False
Is 268043903 a composite number?
True
Is 1794757 a composite number?
False
Is 69409721 prime?
True
Is 160253 composite?
False
Is 336616015 prime?
False
Is 129060793 prime?
False
Is 14116357 a prime number?
True
Is 7989251 a composite number?
False
Is 309889 prime?
False
Is 9642751 a composite number?
False
Is 9638689 prime?
False
Is 4474318 a prime number?
False
Is 12095389 composite?
False
Is 6623231 a prime number?
True
Is 506725147 prime?
False
Is 585154 prime?
False
Is 151461241 composite?
True
Is 92944697 a composite number?
False
Is 59399191 a composite number?
False
Is 3091589 prime?
True
Is 28195951 a composite number?
True
Is 1711613 composite?
False
Is 108156949 composite?
True
Is 17610239 composite?
False
Is 120693103 prime?
False
Is 33312949 composite?
False
Is 159973241 a composite number?
False
Is 33915913 a prime number?
True
Is 996841 a prime number?
True
Is 200274233 a composite number?
True
Is 65579209 composite?
True
Is 1450373 composite?
True
Is 61060417 prime?
False
Is 4838017 a composite number?
False
Is 326509 a prime number?
False
Is 1026983 composite?
True
Is 7516461 prime?
False
Is 95056661 a composite number?
True
Is 4345127 prime?
True
Is 196412639 prime?
True
Is 1011715 a composite number?
True
Is 933607127 composite?
True
Is 464929789 a composite number?
True
Is 5537297 a composite number?
False
Is 142143793 composite?
True
Is 52771723 composite?
True
Is 69571 prime?
False
Is 79903121 composite?
False
Is 94793 a prime number?
True
Is 4896859 composite?
True
Is 711795703 a composite number?
False
Is 115429259 composite?
True
Is 6387251 composite?
True
Is 878968213 a prime number?
True
Is 1258486 composite?
True
Is 210305 composite?
True
Is 950329 composite?
False
Is 342128429 a composite number?
False
Is 5987353 prime?
False
Is 94433597 a prime number?
True
Is 956807 a composite number?
True
Is 2649661 composite?
True
Is 25720055 a composite number?
True
Is 231142583 a composite number?
True
Is 21320709 prime?
False
Is 13092203 composite?
False
Is 165012529 a composite number?
True
Is 119233913 composite?
False
Is 26068079 prime?
True
Is 133365779 composite?
False
Is 18079751 composite?
True
Is 227288107 composite?
False
Is 2406847 prime?
True
Is 2377883 a composite number?
False
Is 491 prime?
True
Is 228629165 a prime number?
False
Is 177673 prime?
False
Is 37153133 a composite number?
True
Is 5978019 a prime number?
False
Is 1111791 prime?
False
Is 647399 a composite number?
False
Is 194814743 prime?
True
Is 1033271 a composite number?
False
Is 503421619 a composite number?
False
Is 2799853 a prime number?
False
Is 50553413 prime?
False
Is 28429787 a composite number?
True
Is 14215319 a composite number?
False
Is 84065041 a composite number?
False
Is 4750771 a prime number?
True
Is 81162605 a composite number?
True
Is 130720405 composite?
True
Is 1438854497 a composite number?
False
Is 49631431 a composite number?
True
Is 132943819 a prime number?
False
Is 109173401 composite?
False
Is 1115789 a prime number?
True
Is 30074531 composite?
False
Is 8761037 prime?
True
Is 869849 a composite number?
False
Is 337583 composite?
False
Is 6777671 a composite number?
True
Is 57012397 prime?
False
Is 10291357 composite?
False
Is 40828963 composite?
True
Is 54555359 a prime number?
True
Is 57070031 prime?
False
Is 233483 a composite number?
True
Is 30138217 prime?
True
Is 18976483 a prime number?
True
Is 1132169 a composite number?
True
Is 16614893 a composite number?
False
Is 60144301 composite?
True
Is 50653433 prime?
True
Is 2945851 a composite number?
False
Is 1501243 a composite number?
True
Is 32702431 prime?
False
Is 2155198 composite?
True
Is 6260935 prime?
False
Is 80733377 a composite number?
False
Is 286785085 a composite number?
True
Is 134583473 a composite number?
True
Is 290774917 prime?
False
Is 1326583 a prime number?
False
Is 10238689 composite?
False
Is 235373 prime?
False
Is 162769619 a prime number?
True
Is 841727 composite?
False
Is 1532777 a prime number?
False
Is 745469729 prime?
False
Is 1895417 composite?
True
Is 6392915 prime?
False
Is 194146109 prime?
True
Is 8943917 a composite number?
False
Is 2536867 a prime number?
False
Is 570172447 a prime number?
False
Is 317528283 composite?
True
Is 9910301 a prime number?
True
Is 67491233 a composite number?
False
Is 174299 a composite number?
False
Is 4788559 a prime number?
True
Is 48107 prime?
False
Is 5774777 a composite number?
False
Is 3550861 prime?
True
Is 103349 composite?
False
Is 8382443 composite?
False
Is 314996441 composite?
False
Is 17145647 composite?
True
Is 73417 prime?
True
Is 12630773 prime?
False
Is 1508263 a composite number?
False
Is 10426639 a prime number?
True
Is 1161097001 composite?
False
Is 17713387 a composite number?
False
Is 12349357 a composite number?
False
Is 656171 a composite number?
False
Is 90416407 composite?
True
Is 538966943 a prime number?
False
Is 244229263 prime?
True
Is 821697 composite?
True
Is 2110247 a composite number?
False
Is 280662959 a composite number?
True
Is 144765677 a prime number?
False
Is 766243 prime?
False
Is 19004669 composite?
False
Is 1384795553 a composite number?
False
Is 1074751 prime?
True
Is 5293669 a composite number?
False
Is 132470693 composite?
True
Is 2583169 a composite number?
False
Is 5470811 prime?
True
Is 24885001 a prime number?
False
Is 78588823 composite?
False
Is 66886753 composite?
False
Is 2742301 a composite number?
True
Is 64115705 a composite number?
True
Is 689951 a prime number?
True
Is 953657657 a composite number?
False
Is 2586497 prime?
True
Is 10058039 composite?
False
Is 245032873 a composite number?
True
Is 11688861 a composite number?
True
Is 18883339 a prime number?
True
Is 18731303 composite?
True
Is 10935247 prime?
False
Is 283245267 composite?
True
Is 3672007 composite?
False
Is 1305049 composite?
True
Is 64379627 prime?
False
Is 255631847 composite?
False
Is 7157587 a composite number?
False
Is 37697203 composite?
True
Is 1798739 a composite number?
False
Is 1502174 a prime number?
False
Is 1140445517 a composite number?
False
Is 1515541 a prime number?
True
Is 2864815 prime?
False
Is 2183449 a prime number?
False
Is 15343577 composite?
False
Is 3809279 composite?
False
Is 335900107 a prime number?
False
Is 282502573 prime?
True
Is 20013323 a prime number?
False
Is 2347367 composite?
True
Is 29460859 a composite number?
False
Is 2459851 prime?
False
Is 622823 prime?
False
Is 396957199 a composite number?
False
Is 14221407 prime?
False
Is 42758399 prime?
True
Is 15756509 composite?
True
Is 55289 prime?
False
Is 290565007 prime?
False
Is 189197735 prime?
False
Is 206916319 prime?
True
Is 2290163 prime?
False
Is 19937999 prime?
True
Is 2273731 composite?
True
Is 414509837 composite?
True
Is 25930609 a composite number?
False
Is 6676043 a prime number?
False
Is 857762819 a composite number?
True
Is 2463809 a composite number?
True
Is 3391915 composite?
True
Is 44311291 composite?
True
Is 10669777 a composite number?
False
Is 11228543 a composite number?
False
Is 880385359 prime?
False
Is 6373813 prime?
True
Is 9553343 composite?
False
Is 99533627 prime?
False
Is 163882991 prime?
False
Is 9465587 prime?
True
Is 5170811 a composite number?
True
Is 8571349 a composite number?
True
Is 5488709 a composite number?
False
Is 9029831 composite?
True
Is 22702427 a prime number?
False
Is 1693411 a prime number?
True
Is 152419101 prime?
False
Is 15984001 composite?
True
Is 62623985 a prime number?
False
Is 3597883 prime?
True
Is 7397171 composite?
False
Is 686131 composite?
False
Is 10087243 a prime number?
True
Is 821701261 prime?
True
Is 10481522 a prime number?
False
Is 8994658 a composite number?
True
Is 4924763 a composite number?
False
Is 810574 a composite number?
True
Is 1102781 prime?
False
Is 86